{"id":4046,"date":"2021-01-27T18:23:51","date_gmt":"2021-01-27T18:23:51","guid":{"rendered":"https:\/\/softlab.com.ar\/webv2\/?page_id=4046"},"modified":"2025-05-09T12:03:50","modified_gmt":"2025-05-09T15:03:50","slug":"investigacion-desarrollo","status":"publish","type":"page","link":"https:\/\/softlab.com.ar\/webv2\/investigacion-desarrollo\/","title":{"rendered":"Investigaci\u00f3n y Desarrollo"},"content":{"rendered":"<p>[vc_row full_width=&#8221;stretch_row&#8221; css=&#8221;.vc_custom_1609288175011{margin-bottom: 0px !important;background-color: #ffffff !important;}&#8221;][vc_column][vc_custom_heading text=&#8221;En SofLab invertimos esfuerzos significativos en Investigaci\u00f3n y Desarrollo para el dise\u00f1o de<br \/>\nsoluciones a problemas del futuro. Esta es una ventaja competitiva que hace de SoftLab una empresa \u00fanica.&#8221; font_container=&#8221;tag:h3|text_align:center&#8221; google_fonts=&#8221;font_family:Montserrat%3Aregular%2C700|font_style:700%20bold%20regular%3A700%3Anormal&#8221; css=&#8221;.vc_custom_1612897617938{margin-bottom: 39px !important;}&#8221; subtitle_color=&#8221;#1e1e1e&#8221; subtitle=&#8221;Entre los productos de I&amp;D m\u00e1s relevantes se pueden contar:&#8221;][vc_empty_space][\/vc_column][\/vc_row][vc_row][vc_column width=&#8221;1\/3&#8243;][stm_icon_box hide_title_line=&#8221;hide_title_line&#8221; style=&#8221;icon_left&#8221; icon_size=&#8221;22&#8243; icon_color=&#8221;custom&#8221; icon_bg_color=&#8221;custom&#8221; title=&#8221;Soluciones espec\u00edficas para la ecuaci\u00f3n de ondas para yacimientos no convencionales para sistemas de automaci\u00f3n, control y captura de datos.&#8221; title_font_size=&#8221;22&#8243; title_line_height=&#8221;30&#8243; icon_color_custom=&#8221;#ffffff&#8221; css=&#8221;.vc_custom_1611774952529{margin-bottom: 24px !important;}&#8221; icon_bg_color_custom=&#8221;#0a0a0a&#8221;][\/stm_icon_box][\/vc_column][vc_column width=&#8221;1\/3&#8243;][stm_icon_box hide_title_line=&#8221;hide_title_line&#8221; style=&#8221;icon_left&#8221; icon_size=&#8221;22&#8243; icon_color=&#8221;custom&#8221; icon_bg_color=&#8221;custom&#8221; title=&#8221;Dispositivos de medici\u00f3n \u201con line\u201d de composici\u00f3n qu\u00edmica para soluciones de problemas de<br \/>\ntransferencia de custodia.&#8221; title_font_size=&#8221;22&#8243; title_line_height=&#8221;30&#8243; icon_color_custom=&#8221;#ffffff&#8221; css=&#8221;.vc_custom_1611774972889{margin-bottom: 24px !important;}&#8221; icon_bg_color_custom=&#8221;#222222&#8243;][\/stm_icon_box][\/vc_column][vc_column width=&#8221;1\/3&#8243;][stm_icon_box hide_title_line=&#8221;hide_title_line&#8221; style=&#8221;icon_left&#8221; icon_size=&#8221;22&#8243; icon_color=&#8221;custom&#8221; icon_bg_color=&#8221;custom&#8221; title=&#8221;Desarrollo de algoritmos propios para la anal\u00edtica de datos de explotaci\u00f3n de yacimientos convencionales y no convencionales.&#8221; title_font_size=&#8221;22&#8243; title_line_height=&#8221;30&#8243; icon_color_custom=&#8221;#ffffff&#8221; css=&#8221;.vc_custom_1611774983251{margin-bottom: 24px !important;}&#8221; icon_bg_color_custom=&#8221;#222222&#8243;][\/stm_icon_box][\/vc_column][\/vc_row][vc_row full_width=&#8221;stretch_row&#8221; css=&#8221;.vc_custom_1609288175011{margin-bottom: 0px !important;background-color: #ffffff !important;}&#8221;][vc_column][vc_empty_space][\/vc_column][\/vc_row][vc_row full_width=&#8221;stretch_row&#8221; css=&#8221;.vc_custom_1609288175011{margin-bottom: 0px !important;background-color: #ffffff !important;}&#8221;][vc_column][vc_empty_space][vc_empty_space][vc_custom_heading text=&#8221;Laboratorio de Investigaci\u00f3n, Desarrollo y Dise\u00f1o de Prototipos<br \/>\nLIDDIP&#8221; font_container=&#8221;tag:h3|text_align:center&#8221; google_fonts=&#8221;font_family:Montserrat%3Aregular%2C700|font_style:700%20bold%20regular%3A700%3Anormal&#8221; css=&#8221;.vc_custom_1611773247322{margin-bottom: 39px !important;}&#8221; subtitle=&#8221;Softlab lleva adelante una estrategia de crecimiento en el campo de la investigaci\u00f3n y desarrollo para el dise\u00f1o de prototipos de dispositivos de medici\u00f3n y sensado remoto de par\u00e1metros de procesos con fluidos para las m\u00e1s diversas industrias.&#8221; subtitle_color=&#8221;#1e1e1e&#8221;][vc_empty_space][\/vc_column][\/vc_row][vc_row][vc_column width=&#8221;1\/2&#8243;][vc_column_text]<\/p>\n<p style=\"text-align: justify;\">Las demandas termodin\u00e1micas, qu\u00edmicas, mec\u00e1nicas y cinem\u00e1ticas de muchos de tales dispositivos generan desaf\u00edos a\u00fan no resueltos por la ciencia o la tecnolog\u00eda en virtud de las condiciones de operaci\u00f3n en situaciones extremas de temperatura, presi\u00f3n, exposici\u00f3n a agentes qu\u00edmicos agresivos o movimientos violentos, implican tareas de investigaci\u00f3n y desarrollo multidisciplinarios en ciencias b\u00e1sicas y aplicadas y el desarrollo de modelos matem\u00e1ticos y num\u00e9ricos avanzados.<\/p>\n<p>[\/vc_column_text][\/vc_column][vc_column width=&#8221;1\/2&#8243;][vc_column_text]<\/p>\n<p style=\"text-align: justify;\">SoftLab ha identificado necesidades de la industria que generan espacios para nuevas cadenas de valor de alto componente de conocimiento. Para ello, SoftLab dise\u00f1\u00f3 y despliega un Laboratorio de Investigaci\u00f3n, Desarrollo y Dise\u00f1o de Prototipos (LIDDIP) a fin de completar el dominio del ciclo de conocimiento que permite desarrollar soluciones innovadoras y originales y constituirse en un puente entre la ciencia, la tecnolog\u00eda y la industria.<\/p>\n<p>[\/vc_column_text][\/vc_column][\/vc_row][vc_row full_width=&#8221;stretch_row&#8221; css=&#8221;.vc_custom_1609288175011{margin-bottom: 0px !important;background-color: #ffffff !important;}&#8221;][vc_column][vc_custom_heading text=&#8221;Desarrollo de software a medida y optimizaci\u00f3n de sistemas cr\u00edticos.&#8221; font_container=&#8221;tag:h3|text_align:center&#8221; google_fonts=&#8221;font_family:Montserrat%3Aregular%2C700|font_style:700%20bold%20regular%3A700%3Anormal&#8221; css=&#8221;.vc_custom_1746659017810{margin-bottom: 39px !important;}&#8221; subtitle=&#8221;En SoftLab, desarrollamos soluciones escalables con tecnolog\u00eda avanzada, integrando algoritmos de inteligencia artificial y tableros de control para monitorear en tiempo real los par\u00e1metros clave que definen la eficiencia de tu negocio.&#8221; subtitle_color=&#8221;#1e1e1e&#8221;][vc_btn title=&#8221;Software a medida&#8221; style=&#8221;flat&#8221; color=&#8221;theme_style_3&#8243; size=&#8221;lg&#8221; align=&#8221;center&#8221; i_icon_fontawesome=&#8221;stm-lnr-chevron-right&#8221; add_icon=&#8221;true&#8221; link=&#8221;url:https%3A%2F%2Fdesarrollo.softlab.com.ar%2F|title:Desarrollo%20a%20medida&#8221;][vc_empty_space][vc_custom_heading text=&#8221;El LIDDIP implica el inicio de una nueva etapa en la investigaci\u00f3n, desarrollo, dise\u00f1o de<br \/>\nprototipos y producci\u00f3n de componentes metalmec\u00e1nicos de avanzada.&#8221; font_container=&#8221;tag:h3|text_align:center&#8221; google_fonts=&#8221;font_family:Montserrat%3Aregular%2C700|font_style:700%20bold%20regular%3A700%3Anormal&#8221; css=&#8221;.vc_custom_1611774388682{margin-bottom: 39px !important;}&#8221; subtitle_color=&#8221;#1e1e1e&#8221;][vc_empty_space][\/vc_column][\/vc_row][vc_row full_width=&#8221;stretch_row&#8221; css=&#8221;.vc_custom_1609288175011{margin-bottom: 0px !important;background-color: #ffffff !important;}&#8221;][vc_column][vc_empty_space][\/vc_column][\/vc_row][vc_row full_width=&#8221;stretch_row&#8221; el_class=&#8221;third_bg_color&#8221; css=&#8221;.vc_custom_1451889219674{margin-bottom: -60px !important;}&#8221;][vc_column][vc_cta h2=&#8221;\u00bfEst\u00e1 buscando un aliado para automatizar y optimizar el control de sus operaciones?&#8221; h2_font_container=&#8221;font_size:20px|color:%23ffffff|line_height:24px&#8221; h2_use_theme_fonts=&#8221;yes&#8221; shape=&#8221;square&#8221; style=&#8221;flat&#8221; add_button=&#8221;right&#8221; btn_title=&#8221;cont\u00e1ctenos&#8221; btn_style=&#8221;flat&#8221; btn_color=&#8221;theme_style_2&#8243; btn_align=&#8221;right&#8221; btn_i_align=&#8221;right&#8221; btn_i_icon_fontawesome=&#8221;stm-delhi-chevron-right&#8221; particles=&#8221;yes&#8221; use_custom_fonts_h2=&#8221;true&#8221; btn_button_block=&#8221;true&#8221; btn_add_icon=&#8221;true&#8221; el_class=&#8221;third_bg_color&#8221; css=&#8221;.vc_custom_1612317084835{margin-bottom: 0px !important;}&#8221; btn_link=&#8221;url:https%3A%2F%2Fsoftlab.com.ar%2Fwebv2%2Fcontacto%2F|title:Cont%C3%A1ctenos&#8221;][\/vc_cta][\/vc_column][\/vc_row][vc_row][vc_column][\/vc_column][\/vc_row]<\/p>\n","protected":false},"excerpt":{"rendered":"<p>[vc_row full_width=&#8221;stretch_row&#8221; css=&#8221;.vc_custom_1609288175011{margin-bottom: 0px !important;background-color: #ffffff !important;}&#8221;][vc_column][vc_custom_heading text=&#8221;En SofLab invertimos esfuerzos significativos en Investigaci\u00f3n y Desarrollo para el dise\u00f1o de soluciones a problemas del futuro. Esta es una ventaja competitiva que hace de SoftLab una empresa \u00fanica.&#8221; font_container=&#8221;tag:h3|text_align:center&#8221; google_fonts=&#8221;font_family:Montserrat%3Aregular%2C700|font_style:700%20bold%20regular%3A700%3Anormal&#8221; css=&#8221;.vc_custom_1612897617938{margin-bottom: 39px !important;}&#8221; subtitle_color=&#8221;#1e1e1e&#8221; subtitle=&#8221;Entre los productos de I&amp;D m\u00e1s relevantes se pueden contar:&#8221;][vc_empty_space][\/vc_column][\/vc_row][vc_row][vc_column width=&#8221;1\/3&#8243;][stm_icon_box hide_title_line=&#8221;hide_title_line&#8221;<\/p>\n","protected":false},"author":1,"featured_media":0,"parent":0,"menu_order":4,"comment_status":"closed","ping_status":"closed","template":"","meta":[],"_links":{"self":[{"href":"https:\/\/softlab.com.ar\/webv2\/wp-json\/wp\/v2\/pages\/4046"}],"collection":[{"href":"https:\/\/softlab.com.ar\/webv2\/wp-json\/wp\/v2\/pages"}],"about":[{"href":"https:\/\/softlab.com.ar\/webv2\/wp-json\/wp\/v2\/types\/page"}],"author":[{"embeddable":true,"href":"https:\/\/softlab.com.ar\/webv2\/wp-json\/wp\/v2\/users\/1"}],"replies":[{"embeddable":true,"href":"https:\/\/softlab.com.ar\/webv2\/wp-json\/wp\/v2\/comments?post=4046"}],"version-history":[{"count":25,"href":"https:\/\/softlab.com.ar\/webv2\/wp-json\/wp\/v2\/pages\/4046\/revisions"}],"predecessor-version":[{"id":4513,"href":"https:\/\/softlab.com.ar\/webv2\/wp-json\/wp\/v2\/pages\/4046\/revisions\/4513"}],"wp:attachment":[{"href":"https:\/\/softlab.com.ar\/webv2\/wp-json\/wp\/v2\/media?parent=4046"}],"curies":[{"name":"wp","href":"https:\/\/api.w.org\/{rel}","templated":true}]}}